d**2 - 4*d - 2. What is the tens digit of t(p)?
1
Let i(g) = 3*g - 8. Let d be i(5). Let b be d/((-28)/(-16)) - -1. Suppose -l - 6*z + 4*z = -5, 4*z - b = 3*l. What is the units digit of l?
1
Let u(w) = -w**2 - 2*w - 6. Let c(s) = -3*s**2 - 5*s - 13. Let d(l) = -6*c(l) + 13*u(l). Let r be d(-4). Suppose -f = 3*f - r. What is the tens digit of f?
1
Suppose -4*d + 8 + 12 = 0, 3*d - 35 = 5*s. Let z be s*(-4)/(-24)*3. Let j = 23 + z. What is the tens digit of j?
2
Let x(d) = -d**3 - 6*d**2 - 2*d - 3. Let w be x(-6). Let r = 6 - -21. Suppose -2*z = -w - r. What is the tens digit of z?
1
Suppose 0 = -39*w + 3068 + 92638. What is the units digit of w?
4
Let j(z) = 5*z - 2. Let g be j(7). Suppose -92 = -5*i + g. What is the units digit of (20/i)/((-4)/(-90))?
8
Suppose -4*p + 5*x = -5*p + 326, -p + 320 = 2*x. What is the tens digit of p?
1
Suppose 4*u - 10534 - 771 = o, u + o = 2820. What is the hundreds digit of u?
8
Let h = 86 + -155. What is the hundreds digit of (-5)/(141/h - -2)?
1
Let x(q) = -q**2 + 3*q + 172. Suppose -11*w + 7*w = 0. What is the units digit of x(w)?
2
Let k(b) = 74*b**2 - 2. Let x be 3/3 - (-3 - (1 - 4)). What is the tens digit of k(x)?
7
Let t(z) = 21*z + 19. Let p be t(-6). Let b = 223 + p. What is the units digit of b?
6
Suppose 3*y - 296 = -y. Let j = 173 - y. What is the tens digit of j?
9
Suppose 5*a = -6*b + 4*b + 269, -2*b + 3*a = -309. Suppose 2*g + b = 5*g. What is the units digit of g?
9
Let b be (10/6 + -2)*-3. Let x be b/(((-5)/3)/(-5)). Suppose 3*n = 4*n - x. What is the units digit of n?
3
Let q(z) = -5*z - 9. Let i be q(-6). Let b = -373 + 370. Let h = i + b. What is the tens digit of h?
1
Let u be 3/12 - 524/(-16). Let a be (-6)/9 - u/(-9). Suppose 2*r - 2*n + 3*n - 60 = 0, 3*r - 72 = a*n. What is the units digit of r?
8
Suppose v - 5 + 2 = 0. Let c(p) = -2 - 6*p**2 + 7 - 1 - 12*p + p**v. What is the tens digit of c(8)?
3
Let d = 18 + -14. Suppose 0 = -2*c + 3*u + 10, c + 3*u - 4 = -d*c. What is the units digit of (-18)/(1*(c + -4))?
9
Suppose -277 = -4*v - 9. Let s = 40 - v. Let b = 43 + s. What is the tens digit of b?
1
Suppose 221*q = 240*q - 41781. What is the units digit of q?
9
Suppose 14*h + 880 = 16*h + f, -5*h = -5*f - 2215. What is the units digit of h?
1
Let h(c) = c**2 + c + 4. Let t be h(-3). Let k(i) = i**3 - 7*i**2 - 14*i - 8. What is the hundreds digit of k(t)?
1
Let v(n) = n - 5. Let q(r) = -r**2 + 13*r - 22. Let j be q(10). Let m be v(j). Suppose 44 = -m*z + 7*z. What is the units digit of z?
1
Let a(c) = -27*c - 2. Let l be a(-3). Suppose 0 = -77*y + l*y - 206. What is the hundreds digit of y?
1
Let r(a) = -61*a. What is the hundreds digit of r(-8)?
4
Let h(p) = p**2 - 4*p + 7. Let k be h(7). Let b = 49 + k. Let o = b + -42. What is the tens digit of o?
3
Let d(b) = b**3 - 32*b**2 - 25*b - 51. What is the hundreds digit of d(33)?
2
Let d = -28 + 4. Let o = -19 - d. Suppose 2*g + 2*g = -20, -4*s - o*g = -11. What is the units digit of s?
9
Suppose -2*t = 2*d - d - 2608, 4*t + 5*d - 5228 = 0. What is the thousands digit of t?
1
Let h(w) = 220*w + 21. What is the units digit of h(2)?
1
Let r(d) = -d**3 - 4*d**2 + 3*d - 7. Let k be r(-5). Suppose -k*i - o + 67 = 0, 3*o = -4*i + o + 88. Let s = i + -9. What is the units digit of s?
4
Let y(w) = 2*w**2 - 16*w - 2. Let q be y(8). Let o be 43*q/(-4)*-2. Let i = -11 - o. What is the tens digit of i?
3
Suppose 0 = 2*f + f + 4*h - 130, -5*f + 2*h + 260 = 0. What is the tens digit of f?
5
Let o(n) = -n + 17. Suppose -g - 5*p = -16, 3*g - 2*p = -g - 46. What is the tens digit of o(g)?
2
Suppose -2288 = -9845*o + 9837*o. What is the hundreds digit of o?
2
Let t(b) = b**2 + 10*b - 25. Let h be t(-12). Let g = h + 23. What is the tens digit of g?
2
Suppose -3602*n + 3603*n - 912 = 0. What is the hundreds digit of n?
9
Suppose 1890 = d + 2*g, 5*d - 8*d - g + 5690 = 0. What is the thousands digit of d?
1
Let g(b) = -45*b - 5. Let x(i) = -i - 1. Let m(q) = -g(q) + 10*x(q). What is the units digit of m(7)?
0
Let s be -1 + (-3 - -2) - -10. Let j(d) = -2*d + 12. Let l be j(s). What is the tens digit of (3/(-9))/(l/228)?
1
What is the units digit of ((-3)/27*-3)/((-4)/(-3972))?
1
Let a = 32 + -35. Let h = a + 199. What is the hundreds digit of h?
1
Let z = -9756 + 14366. What is the hundreds digit of z?
6
Let y = 467 - 139. Let p = -198 + y. What is the hundreds digit of p?
1
Let a(n) = -n**2 - 9*n - 14. Let m be a(-7). Suppose m = h + 2*h - 15. Suppose h*b = r - 4*r + 79, 3*r = -4*b + 62. What is the tens digit of b?
1
Let i be ((-8)/(-3))/((-1)/(-3)). Let x(w) = -w + 11. Let y be x(i). Suppose 4*l = -y*g + 43, -2*l = 2*g + 3*l - 17. What is the units digit of g?
1
Suppose -3*y = 3 - 0, -j - 19 = -3*y. Let f = j - -25. Suppose -5*a - 4*h + 6 + 69 = 0, 0 = -f*a - 3*h + 45. What is the units digit of a?
5
Let i = -78 + 82. Suppose -1059 - 113 = -i*x. What is the tens digit of x?
9
Let p(f) = 18*f**2 - 17*f + 150. What is the units digit of p(7)?
3
Suppose 0 = 5*b - 51 - 54. What is the tens digit of b?
2
Let g(s) = 51*s - 46. What is the tens digit of g(19)?
2
Suppose -5*s + z = -1075, 2*z + 1075 = 5*s - 3*z. Let m = s - 146. What is the tens digit of m?
6
Let r = 536 + -188. Suppose r = 7*q - 506. What is the tens digit of q?
2
Let a = 8 - -12. Let h(l) = 2*l + 8 - a + 2*l. What is the units digit of h(6)?
2
Suppose 12979 = 6*k + 4591. What is the hundreds digit of k?
3
Let d(q) = -59*q - 66. What is the units digit of d(-11)?
3
Let p = -195 + 395. What is the hundreds digit of p?
2
Suppose -b + 120 = -5*h - 84, 960 = 5*b - 5*h. Suppose -l = -4*q + 1060 - 339, -2*l - b = -q. What is the hundreds digit of q?
1
Suppose -6*k + 25 = 7. Suppose 11*f - 1136 = k*f. What is the tens digit of f?
4
Let v = -12 - -43. Let f = 39 - v. What is the units digit of f?
8
Suppose -4 = -q + 2*m, -2*q - 3*q + 14 = -4*m. Suppose 5*t - q*r = 2*t - 14, -2*t = 5*r + 3. What is the units digit of 3 - (6 - 2) - t?
3
Let v = 6 + -6. Suppose v*o - 49 = -2*r + o, -3*r - 2*o + 91 = 0. What is the tens digit of r?
2
Let w = 70 - 41. Let o = -11 + w. Let v = o + 8. What is the tens digit of v?
2
Suppose -2100 = -2*s + 4*r, s - r + 1035 = 2*s. What is the thousands digit of s?
1
Suppose -2*x = -2, -4*x - 13029 = -4*s - x. Suppose -25*p = -7*p - s. What is the tens digit of p?
8
What is the hundreds digit of 12496/66*3/2?
2
Suppose 11*t + 315 + 158 = 0. Let i = t + 155. What is the hundreds digit of i?
1
Suppose -2*l - 8*x + 13*x = -255, -3*l = 3*x - 351. What is the units digit of l?
0
Let n(u) = -182*u - 158. What is the units digit of n(-12)?
6
What is the tens digit of (3/(-6))/(30/(-14940))?
4
Suppose -847 - 12789 = -14*k. What is the units digit of k?
4
Let n = 221 + -56. Let b = -104 + n. What is the tens digit of b?
6
Let l(y) = 18*y**2 - 3*y - 7. Let m be l(4). Let u = m - 173. What is the units digit of u?
6
Let u = 151 + -145. What is the units digit of 3/(u/8) - (-287)/7?
5
Suppose 131 = 5*v - 19. Suppose 45 = 39*p - 42*p. What is the tens digit of 4/v - 208/p?
1
What is the units digit of (9 + 2471/14)*4?
2
Suppose 2*y + 30*i = 35*i + 1711, -3*y - i + 2541 = 0. What is the units digit of y?
8
Let h(z) = z**3 - 7*z**2 + 5*z - 11. Suppose 34 = 3*k + 13. Let i be h(k). Suppose c - i - 14 = 0. What is the units digit of c?
8
Let k(n) = 51*n**2 + 24*n - 59. What is the tens digit of k(5)?
3
Suppose 352 = 3*r - 1232. Suppose -12*q + r = -9*q. What is the tens digit of q?
7
Suppose 33720 - 318 = 19*f. What is the hundreds digit of f?
7
Let u(f) = 427*f + 131. What is the thousands digit of u(11)?
4
Suppose 229 = 8*l - 1475. Let s = l - 150. What is the units digit of s?
3
Suppose 4*j = 5*a + 129, j + j - 72 = 4*a. What is the units digit of (j/2)/(14/70)?
5
Suppose -2048*m = -2056*m + 7280. What is the tens digit of m?
1
Let k(d) = -d - 2. Let r be k(10). Let a = -11 - r. What is the units digit of (0 + a)*(7 - -2)?
9
Let a = 31 + -26. Suppose 4*b - 50 = 3*g, 4*g + 60 + 2 = a*b. What is the units digit of 93/21 - (-8)/b?
5
What is the thousands digit of (-1*653)/(((-200)/16)/25)?
1
Let m(p) be the second derivative of 9*p**5/5 - 18*p. What is the units digit of m(1)?
6
Suppose -3380 = 5*a - 10*a. What is the hundreds digit of a?
6
Suppose -4*w + 176 + 121 = -5*m, -3 = 3*m. Let j = w + -2